1 (base 5) in base 10?
691
Convert -104b (base 15) to base 4.
-311312
Convert 203 (base 16) to base 10.
515
10101210 (base 4) to base 2
100010001100100
Convert 22544 (base 6) to base 8.
6240
What is 10204 (base 5) in base 9?
834
-32185 (base 9) to base 7
-116045
Convert 383 (base 9) to base 4.
10332
-11101100 (base 2) to base 12
-178
Convert -3645 (base 10) to base 8.
-7075
Convert -10001000 (base 2) to base 5.
-1021
5215 (base 13) to base 3
120120001
36a22 (base 11) to base 2
1100111110010111
14321 (base 5) to base 12
84b
Convert -3dd (base 14) to base 15.
-373
-420 (base 14) to base 11
-679
Convert -991 (base 13) to base 10.
-1639
-1505 (base 10) to base 4
-113201
Convert 1cb (base 14) to base 5.
3000
Convert 167a (base 12) to base 3.
10200111
Convert -107 (base 14) to base 11.
-175
108625 (base 9) to base 11
45146
63450 (base 7) to base 2
11110100110010
251 (base 6) to base 12
87
What is -1309 (base 10) in base 16?
-51d
What is -22211 (base 3) in base 6?
-1034
What is 32303 (base 4) in base 5?
12242
-203200 (base 4) to base 6
-14304
14576 (base 8) to base 15
1e01
What is -2339 (base 14) in base 11?
-4670
Convert 1300 (base 7) to base 11.
406
Convert 14805 (base 10) to base 15.
45c0
1221010 (base 3) to base 8
2577
What is -6eb1 (base 15) in base 5?
-1223231
-7610 (base 12) to base 7
-52551
-10211202 (base 3) to base 7
-11111
321 (base 4) to base 7
111
What is 2516 (base 11) in base 14?
12a8
Convert 1cd (base 16) to base 3.
122002
What is 13c (base 14) in base 16?
fa
What is 1 (base 3) in base 10?
1
Convert f3fd (base 16) to base 8.
171775
Convert -1335345 (base 6) to base 9.
-124002
What is -c90 (base 15) in base 14?
-1067
What is 504 (base 7) in base 9?
306
-334 (base 12) to base 3
-122111
1170 (base 9) to base 16
369
What is -152 (base 11) in base 7?
-343
Convert 726 (base 9) to base 10.
591
Convert -aa0 (base 12) to base 3.
-2010210
-3ac (base 16) to base 12
-664
Convert -132340 (base 6) to base 10.
-12228
What is 1327 (base 8) in base 12?
507
Convert -8925 (base 13) to base 2.
-100101010111000
Convert -11101 (base 3) to base 15.
-7d
What is -17782 (base 13) in base 7?
-245602
-aadb (base 15) to base 6
-435342
19a7 (base 16) to base 10
6567
What is -1982 (base 14) in base 7?
-16322
What is -11220 (base 4) in base 7?
-1023
What is 326f (base 16) in base 10?
12911
-3687 (base 9) to base 6
-20424
What is -540 (base 13) in base 3?
-1020020
41033 (base 5) to base 10
2643
What is -1000110111011 (base 2) in base 14?
-1923
What is -13313 (base 5) in base 15?
-4c3
What is 1110111 (base 2) in base 10?
119
What is 332 (base 15) in base 7?
2051
Convert 4343 (base 5) to base 7.
1513
702 (base 13) to base 4
102201
-787 (base 10) to base 6
-3351
Convert -55818 (base 11) to base 15.
-18e4c
3333010 (base 4) to base 3
211101121
Convert -13a5 (base 12) to base 4.
-203231
-12a7 (base 12) to base 3
-2221101
What is -1a116 (base 11) in base 6?
-334013
What is a60c (base 13) in base 8?
54724
Convert 3201 (base 6) to base 16.
2d1
Convert 11111110100 (base 2) to base 10.
2036
What is 16004 (base 8) in base 14?
2884
What is 1cc7 (base 13) in base 3?
20000112
Convert -29953 (base 12) to base 6.
-1130143
What is 10011100001001 (base 2) in base 8?
23411
What is 253304 (base 6) in base 12?
11234
Convert 10111001100100 (base 2) to base 14.
4484
What is -2505 (base 9) in base 5?
-24433
Convert 24881 (base 10) to base 5.
1244011
Convert -3566 (base 9) to base 13.
-1290
What is -126 (base 14) in base 7?
-446
-b99 (base 13) to base 14
-a1b
41323 (base 5) to base 14
dbb
Convert 1100010111 (base 2) to base 15.
37b
What is -1011011011110 (base 2) in base 16?
-16de
Convert 1101101001100 (base 2) to base 11.
5283
What is 5027 (base 9) in base 5?
104140
-20212210 (base 3) to base 10
-5016
Convert -16a8 (base 11) to base 3.
-2222120
Convert -1012010120 (base 3) to base 9.
-35116
-1743b (base 15) to base 3
-10211011102
Convert -12751 (base 8) to base 16.
-15e9
Convert -52d (base 16) to base 7.
-3602
-bb (base 12) to base 2
-10001111
Convert -ce0 (base 15) to base 2.
-101101011110
-20021 (base 11) to base 5
-1414210
-217 (base 10) to base 8
-331
111301 (base 4) to base 5
21033
222110 (base 7) to base 6
501142
-1111100100100 (base 2) to base 10
-7972
278 (base 12) to base 16
17c
What is 1bc9 (base 14) in base 15?
1787
-38b9 (base 13) to base 14
-2d43
What is 133112 (base 5) in base 8?
12437
What is -2ee (base 15) in base 4?
-22202
What is -4c92 (base 16) in base 3?
-222220000
86b (base 16) to base 11
168a
What is 11105 (base 6) in base 16?
611
What is -5303 (base 12) in base 14?
-3443
What is -746 (base 8) in base 5?
-3421
Convert -1100000111001000 (base 2) to base 16.
-c1c8
Convert -432 (base 13) to base 2.
-1011001101
-15459 (base 10) to base 7
-63033
What is -53347 (base 9) in base 10?
-35278
Convert -140030 (base 7) to base 14.
-98c0
-42102 (base 5) to base 12
-1735
Convert 428c (base 13) to base 6.
110442
Convert 285 (base 13) to base 11.
377
Convert 157057 (base 8) to base 4.
31320233
Convert 1a0a (base 12) to base 3.
11100201
Convert 105267 (base 8) to base 12.
18673
22506 (base 8) to base 3
111002102
1010 (base 4) to base 12
58
What is -47 (base 8) in base 2?
-100111
What is -54bc (base 13) in base 11?
-8972
What is 9d0 (base 14) in base 16?
79a
What is -100000010010 (base 2) in base 7?
-6011
Convert -1b1 (base 12) to base 4.
-10111
What is -13313 (base 6) in base 10?
-2061
What is 6803 (base 16) in base 2?
110100000000011
-1403 (base 7) to base 6
-2302
What is -290 (base 11) in base 9?
-418
221103 (base 6) to base 16
47df
Convert 2112221021 (base 3) to base 14.
14458
What is -1aa3 (base 11) in base 4?
-221132
What is -1521 (base 6) in base 16?
-199
-195 (base 15) to base 14
-1c1
Convert -1000000001 (base 2) to base 7.
-1332
What is -1010535 (base 6) in base 7?
-260252
What is 365 (base 15) in base 9?
1045
-3012 (base 4) to base 12
-146
What is -2020424 (base 5) in base 14?
-bc58
10012202 (base 3) to base 16
926
What is 19ac (base 13) in base 16?
f14
What is 6b12 (base 14) in base 9?
27506
What is 1635 (base 8) in base 14?
4a1
-1738 (base 9) to base 11
-1000
-341203 (base 5) to base 6
-131445
-4866 (base 9) to base 10
-3624
1c80 (base 13) to base 10
4329
Convert 1aa (base 11) to base 9.
287
What is 1044 (base 5) in base 13?
b6
370 (base 9) to base 8
462
What is 2404 (base 10) in base 15?
aa4
What is -133461 (base 8) in base 5?
-3000042
11162 (base 13) to base 12
15b3b
What is -1115 (base 10) in base 2?
-10001011011
What is -1100101100 (base 2) in base 12?
-578
Convert 1034 (base 8) to base 3.
202000
What is 154510 (base 7) in base 6?
352524
1103040 (base 6) to base 9
83526
480 (base 10) to base 16
1e0
10000010111 (base 2) to base 4
100113
-1141414 (base 5) to base 3
-1002110201
What is -31313131 (base 4) in base 2?
-1101110111011101
What is -1230424 (base 5) in base 11?
-16a25
Convert -5246 (base 10) to base 13.
-2507
What is -101011010 (base 2) in base 12?
-24a
17557 (base 9) to base 5
341441
What is -1010000012 (base 3) in base 14?
-7d87
6225 (base 7) to base 15
9a0
-12374 (base 8) to base 6
-40512
1ff (base 16) to base 4
13333
-148b3 (base 12) to base 13
-1022a
What is -12228 (base 13) in base 11?
-23048
What is -163b (base 15) in base 6?
-34045
-114a5 (base 11) to base 5
-1012241
Convert -3565 (base 9) to base 10.
-2651
1b57b (base 14) to base 15
159ae
-11176 (base 12) to base 8
-54252
18221 (base 10) to base 4
10130231
What is 114437 (base 8) in base 11?
274a6
Convert -2b71 (base 12) to base 13.
-2443
Convert 1120002001 (base 3) to base 7.
155266
1202 (base 7) to base 14
239
4671 (base 11) to base 9
8358
What is -9 (base 13) in base 7?
-12
What is 16c7 (base 14) in base 15?
1330
What is 3791 (base 15) in base 10?
11836
Convert -b (base 16) to base 6.
-15
22122 (base 3) to base 16
e9
What is 16451 (base 9) in base 11?
8548
Convert -4478 (base 12) to base 5.
-220310
3422 (base 5) to base 16
1e7
What is 105 (base 7) in base 12?
46
What is 1aa (base 16) in base 11?
358
Convert 43420 (base 7) to base 5.
321333
2244 (base 9) to base 12
b64
Convert -14442 (base 6) to base 11.
-1829
2662 (base 13) to base 11
413a
Convert 101111111101 (base 2) to base 10.
3069
Convert -237 (base 13) to base 12.
-280
-11101011100001 (base 2) to base 4
-3223201
120111121 (base 3) to base 6
12